547 (base 11) to base 15.
-460c3
Convert -1010111001111001 (base 2) to base 16.
-ae79
What is -1148837 (base 9) in base 2?
-10011000001010010000
517230 (base 10) to base 15
a33c0
What is -221600 (base 10) in base 7?
-1612031
Convert 6e4bd (base 15) to base 11.
220581
454563 (base 9) to base 5
32204004
-222241324 (base 5) to base 16
-eeb32
Convert -1003220002122 (base 4) to base 9.
-36318670
2533231 (base 6) to base 2
100001011001110011
Convert 14741 (base 11) to base 15.
62a7
Convert -10110000000011110101 (base 2) to base 12.
-2a93b1
Convert -11011110001001010001 (base 2) to base 10.
-909905
What is -16e889 (base 15) in base 9?
-2074713
Convert -35a14 (base 16) to base 11.
-140049
Convert 238786 (base 9) to base 2.
100011001110000010
What is 18f5d0 (base 16) in base 11?
a17aa4
Convert -7042433 (base 9) to base 12.
-1309093
382832 (base 9) to base 3
102202221002
What is -150252025 (base 6) in base 9?
-5746748
Convert -101000111100110000100 (base 2) to base 5.
-320414303
100210313 (base 4) to base 6
1242155
-103609 (base 11) to base 6
-3315255
Convert -a0499 (base 11) to base 16.
-23e3a
What is 350a20 (base 11) in base 15?
b032a
Convert 3606524 (base 8) to base 2.
11110000110101010100
Convert -122304403 (base 5) to base 15.
-b93bd
-633142 (base 7) to base 15
-2251d
1b978 (base 16) to base 11
77a02
-6041346 (base 8) to base 7
-16341353
What is -23314201 (base 5) in base 12?
-a37a4
Convert 73119 (base 10) to base 5.
4314434
What is -12e86c7 (base 15) in base 7?
-223665121
-64680 (base 14) to base 16
-3b448
Convert cbca2 (base 13) to base 5.
43302214
35411313 (base 6) to base 8
4157635
Convert 2101100022222 (base 3) to base 4.
10311031103
Convert -1100000101110111010001 (base 2) to base 12.
-108a415
What is 4032742 (base 8) in base 7?
12013201
Convert 140779 (base 12) to base 5.
41123002
c7f5 (base 16) to base 4
30133311
Convert -5348664 (base 9) to base 5.
-1213220342
What is 1232122042 (base 5) in base 2?
1011011101100011100111
-45928 (base 16) to base 5
-33104333
31110321 (base 4) to base 3
2202212200
What is -160a764 (base 11) in base 14?
-518d42
5203538 (base 9) to base 8
12461512
198203 (base 10) to base 4
300120323
What is -28559 (base 13) in base 14?
-1d7b3
5b08 (base 15) to base 14
70aa
Convert 408365 (base 9) to base 6.
5105522
103357 (base 9) to base 5
3432111
13eccf (base 16) to base 15
1abd8c
What is -5a6080 (base 13) in base 5?
-1022432421
Convert -1022310013 (base 4) to base 12.
-129407
-453150 (base 10) to base 9
-760540
What is 290015 (base 15) in base 13?
5418a7
Convert 22203133 (base 6) to base 2.
10100011011100000001
What is -15dd4c (base 16) in base 5?
-331323113
What is 5338133 (base 9) in base 11?
1683820
-311221 (base 8) to base 2
-11001001010010001
What is 981976 (base 15) in base 7?
115403055
1221421313 (base 5) to base 12
b89b28
-302742 (base 10) to base 7
-2400426
What is -13c0d (base 15) in base 11?
-43754
Convert -240211 (base 8) to base 9.
-134504
-1201121001021 (base 3) to base 8
-3377174
1110011101101111111010 (base 2) to base 14
709c38
224a5 (base 15) to base 16
1a9ff
-21021202 (base 3) to base 2
-1010011000000
What is -1628615 (base 13) in base 8?
-33146271
Convert -1010101010001111110000 (base 2) to base 12.
-b29214
-10010111010100111011 (base 2) to base 4
-2113110323
2400505 (base 6) to base 8
363271
Convert 80843e (base 15) to base 3.
102111001200112
What is -220022012210021 (base 3) in base 16?
-c5162b
What is 167c7e (base 15) in base 5?
234331234
Convert 7b7ca (base 15) to base 5.
100041030
Convert 301209 (base 16) to base 7.
35530452
What is 1111000101001 (base 2) in base 7?
31340
1284974 (base 11) to base 13
5c8305
Convert 212322100 (base 4) to base 8.
467220
Convert 308193 (base 10) to base 5.
34330233
114120 (base 11) to base 9
305447
What is -c9476 (base 16) in base 10?
-824438
112312100 (base 4) to base 13
3379a
Convert 224225 (base 6) to base 8.
45231
What is 1220112200222 (base 3) in base 10?
1014551
20220101010 (base 3) to base 13
49ac4
What is -735217 (base 8) in base 16?
-3ba8f
Convert 10101010111010100101 (base 2) to base 13.
1b6856
Convert -799232 (base 10) to base 2.
-11000011001000000000
Convert 31328 (base 14) to base 12.
58788
-365528 (base 9) to base 8
-656655
Convert 573b65 (base 12) to base 11.
873a54
What is 1565555 (base 8) in base 6?
13415245
-232010233 (base 7) to base 12
-4927744
What is -1197568 (base 10) in base 14?
-232608
-5b0ab (base 15) to base 12
-12008b
Convert -90216 (base 14) to base 9.
-576747
Convert -10021000010121 (base 3) to base 10.
-1732201
-21100143 (base 5) to base 3
-22220010021
What is -8246216 (base 9) in base 10?
-4400421
Convert -136a83 (base 13) to base 11.
-2a2650
23032340 (base 6) to base 3
1022210002220
Convert -1311300 (base 5) to base 4.
-12103201
223441220 (base 5) to base 7
11332112
5060100 (base 10) to base 6
300242220
Convert -314112242 (base 6) to base 12.
-1a1b682
Convert 26ac8 (base 16) to base 7.
1226555
Convert 31202222301 (base 4) to base 16.
362ab1
What is 10201022102222 (base 3) in base 12?
7b275b
Convert -313ab76 (base 13) to base 8.
-71045261
239478 (base 13) to base 5
204130232
What is 365230 (base 7) in base 4?
100101211
-1201020210010 (base 3) to base 4
-3132100122
What is -157454 (base 8) in base 7?
-325365
Convert -11010001000111001000 (base 2) to base 9.
-1544828
What is 110100011100011011110 (base 2) in base 16?
1a38de
956a7 (base 11) to base 3
21002001001
What is 156461331 (base 7) in base 14?
15ba988
What is 9ea60 (base 15) in base 16?
7b57f
-1000011011010011110 (base 2) to base 15
-56c36
What is -1134216 (base 7) in base 5?
-14040032
Convert -47a489 (base 11) to base 6.
-24145114
Convert -10102022223 (base 4) to base 2.
-100010010001010101011
Convert -21200222020 (base 3) to base 6.
-3125523
What is -1126016 (base 10) in base 9?
-2105538
What is 2300233322 (base 4) in base 10?
723962
What is 65801 (base 10) in base 4?
100010021
What is -1000111011011000110000 (base 2) in base 6?
-122055104
Convert -201030131302 (base 4) to base 7.
-133651465
-9740a (base 13) to base 3
-111212122100
-22022001101111 (base 3) to base 7
-52325104
455265 (base 14) to base 10
2357577
-211220332 (base 4) to base 2
-100101101000111110
Convert -10110000011001000 (base 2) to base 5.
-10342222
Convert -580773 (base 11) to base 7.
-10563603
Convert -973132 (base 10) to base 12.
-3ab1a4
Convert a2658a (base 13) to base 15.
4eb398
-1835695 (base 10) to base 11
-1044204
What is 62990 (base 13) in base 8?
532366
Convert 1817ab (base 13) to base 10.
603302
What is 100110010010110111 (base 2) in base 10?
156855
What is -224003 (base 12) in base 13?
-16170c
What is 11230340201 (base 5) in base 10?
12746301
-26d7 (base 14) to base 15
-206d
141b10 (base 13) to base 3
220212121120
Convert -2245433 (base 7) to base 6.
-10002215
What is -281711 (base 12) in base 5?
-132310201
Convert -1007762 (base 8) to base 7.
-2156112
Convert -15c9d (base 15) to base 3.
-10120111111
What is 111321033112 (base 4) in base 5?
2432130403
10111726 (base 8) to base 9
4013600
Convert -96629 (base 11) to base 5.
-13444022
e3ab (base 15) to base 7
260123
What is -737791 (base 16) in base 3?
-112020110022111
-2103546 (base 8) to base 10
-558950
db21 (base 14) to base 16
93e1
Convert -81282 (base 10) to base 4.
-103312002
2101111020 (base 3) to base 7
254031
What is 2211113 (base 5) in base 11?
26843
-2402241441 (base 5) to base 13
-11ab67c
Convert -43356114 (base 7) to base 14.
-6c890b
What is -1c0b6 (base 13) in base 14?
-160dc
Convert -203222333 (base 4) to base 6.
-3044235
130123423 (base 6) to base 14
49c331
Convert 201211012000011 (base 3) to base 12.
364011a
3b76c (base 15) to base 9
320503
21254211 (base 6) to base 15
c67bd
Convert -101000111101001110001 (base 2) to base 7.
-14256504
Convert b9bc9 (base 13) to base 3.
122001212021
3022304 (base 9) to base 4
12020312332
Convert 111121021012122 (base 3) to base 15.
97bd7b
What is -d0743 (base 14) in base 7?
-4154113
ca4c8a (base 15) to base 10
9635080
What is -1420221200 (base 5) in base 9?
-6827348
-15dbba (base 15) to base 10
-1059025
Convert 142651 (base 8) to base 4.
30112221
What is 1102102102012 (base 3) in base 12?
3057ab
Convert 255a0 (base 11) to base 12.
19264
What is -4185776 (base 9) in base 4?
-20203100232
Convert 5442215 